*u - 4*u = 12. What is the units digit of -12*8/(u - 7)?
4
Let z(p) = 17*p**3 - p**2 - 10*p + 1. What is the tens digit of z(4)?
3
Let p = -155 + 275. What is the hundreds digit of p?
1
Let y be ((-3)/12)/(3/(-300)). Suppose -5*b = -y*b + 3720. What is the hundreds digit of b?
1
Suppose 5*f - f = f. Let p(i) = i**2 - 2*i + 5. Let z be p(7). Suppose 5*c - 6 - 20 = -k, f = -4*c + 4*k + z. What is the units digit of c?
6
Let c(z) = 14*z**2 - 13*z + 32. Let v be -6 - -6 - -4 - (0 + 0). What is the hundreds digit of c(v)?
2
Let d(i) = -18*i + 4. Let l be d(-8). Suppose 3*o + 8 = 20. Suppose o*v + 20 - l = 0. What is the units digit of v?
2
Suppose -3*r = 4*q - 9079, 3*r - q = 4*q + 9043. What is the tens digit of r?
2
Let z be ((-6)/(-1))/(-7 + 9). Suppose 4*k - 136 = -z*d, k - 208 = -5*d - k. What is the units digit of d?
0
Let f = -1471 + 2682. What is the units digit of f?
1
Let w(m) = m**2 + 20*m + 2. What is the units digit of w(9)?
3
Let j(n) be the third derivative of -49*n**6/120 - n**5/60 + n**3/6 - n**2. Let p be j(-1). Let d = p - 34. What is the units digit of d?
5
Let a be ((40/2)/1)/(-1). Let k be -2*2 - 18/(-3). What is the units digit of (-32)/a - k/(-5)?
2
Suppose 0 = -u - 5*u. Suppose 8*i - 16 = -u*i. Suppose 0*z + z = -2*b + 64, i*b + 3*z - 60 = 0. What is the tens digit of b?
3
Let f(q) = -q**2 - 8*q - 3. Let t be f(-7). Suppose -t*n = 78 - 30. What is the tens digit of ((-32)/n)/((-2)/(-12))?
1
Let b = -145 - -266. Suppose -22*m + b = -21*m. What is the tens digit of m?
2
Suppose -2*y = -6*y + 904. Let o = -124 + y. What is the tens digit of o?
0
Let p = 183 - 105. Suppose -g + p = 12. What is the tens digit of g?
6
Suppose 0 = -5*p - 3*l + 3044, 2*p + 5*l - 3040 = -3*p. Suppose j + p = 6*j. What is the hundreds digit of j?
1
Let m(b) = b**3 - 9*b**2 + 18*b - 7. Let o be m(8). Suppose 0 = 13*w - 304 - o. What is the tens digit of w?
2
Suppose -5*m = -5*z + 31825, -m = -3*z + 3*m + 19091. What is the tens digit of z/88 - (-6)/(-16)?
7
Let w = -70 + 70. Suppose -5*t + w*f + 977 = 2*f, 0 = -2*t - 2*f + 392. What is the hundreds digit of t?
1
Let o(m) = 93*m**2 + 53*m - 101. What is the tens digit of o(2)?
7
Let j(h) = -90*h - 62. What is the hundreds digit of j(-9)?
7
Let d(y) = -64*y. Let z be ((-20)/40)/((-2)/(-4)). Let u be d(z). Suppose v = 3*n + 5*v - u, 4*n - 5*v - 106 = 0. What is the tens digit of n?
2
Suppose -4*g - 51 = 117. Let t = g - -97. What is the units digit of t?
5
Suppose -348*j + 350*j - 5436 = 0. What is the thousands digit of j?
2
Let g be 0 + -3 - 0/7. What is the hundreds digit of (1 - 1 - g)*(83 + -38)?
1
Suppose -4*k + 1712 = 2*t, 4*t + 2*k - 1716 = 2*t. What is the hundreds digit of t?
8
Let n(r) = -r + 13. Let f be n(9). Let b be (-313)/9 - f/18. What is the units digit of -3*(b/3)/5?
7
Let k(p) = -p + 2. Let v be k(7). Let i(q) = -20*q + 11. Let s be i(v). Suppose 22*d - s = 19*d. What is the tens digit of d?
3
Let n(z) = 16*z + 4. Let x be n(2). Suppose -10*r + x = -r. What is the units digit of r?
4
What is the hundreds digit of (-10)/10*3*1654/(-6)?
8
Let p(i) = 3*i + 14. Let t be p(-5). Let k(l) = -84*l**3 - l**2 - 2*l - 2. What is the tens digit of k(t)?
8
Let u(m) = -m**3 - 2*m**2 - 3. Let i be u(-3). Let b(s) = s + 2. Let r(k) = -2*k - 3. Let h(l) = i*r(l) + 10*b(l). What is the units digit of h(-4)?
0
Let d(a) = 2*a**3 + 4*a**2 - 2*a - 12. Let y be d(-5). Let f = -76 - y. What is the units digit of f?
6
Suppose 4*s = 8*s - 12. Suppose -3*x - s*x + 156 = 0. What is the units digit of x?
6
Let q be ((-12)/9)/((-2)/21). Let f(n) = -n**2 + 17*n - 19. What is the units digit of f(q)?
3
Let i(y) = 28*y - 662. What is the hundreds digit of i(46)?
6
Suppose 4*w - 5112 = 4*x, -4*w - 3*x + 3008 = -2118. What is the thousands digit of w?
1
Suppose 2*c = -2*g - 0*g + 138, 0 = -4*c + 16. Suppose -3*f + 5*i + g = 0, 5*f - i = f + 64. What is the units digit of f?
5
Suppose 13 = -5*l - 3*k, -2*l + 2*k - 5 = 3*k. Let w be (1/(-1 - l))/(-1). What is the units digit of 6 + (w - (0 - -2))?
3
Let n(v) = 208*v**3 - 2*v**2 + 14*v - 25. What is the thousands digit of n(2)?
1
Let o(r) = -r**3 - 12*r**2 + 13*r + 2. Let m be o(-13). Suppose 0 = -2*v - m + 62. Suppose -2*i - v = -3*i. What is the units digit of i?
0
Let l = 3130 - 2215. What is the units digit of l?
5
Let l be -105*(11/3 + -4). Suppose 0*x - x - 2*r = -l, r + 219 = 5*x. What is the tens digit of x?
4
Let f be 510/9*(2 + 1). Let n be 6/15 - 3978/(-30). Suppose 4*j - 3*w - f = 0, -5*w - n = 2*j - 5*j. What is the units digit of j?
1
Let l be 16*(37/4 + -1). Let h = 186 - l. What is the tens digit of h?
5
Suppose 2*t + b + b - 1606 = 0, 0 = -4*t + 4*b + 3188. What is the hundreds digit of t?
8
Let x(s) = 5*s - s**3 + 7*s**2 + 6*s + 1 + 5. Let d be x(8). What is the units digit of (d/(-9))/(-5)*9?
6
Suppose 2*v = -v - 87. Let x = v + 48. What is the units digit of x?
9
Let f(b) = b**3 + b**2 - 5*b + 3. Let n be f(2). Let t(o) = n - o + 1 + 11*o. What is the tens digit of t(3)?
3
Suppose 0 = -5*b + 4*x + 8131, 4*x + 6504 = 4*b + x. What is the thousands digit of b?
1
Let s(d) = 2*d**2 - 4*d - 1. Let u be s(3). Suppose u*b = 3*t + 428 - 12, 2*b - t = 166. Let q = b + -40. What is the tens digit of q?
4
Suppose 0 = 18*w + 7*w - 18700. What is the hundreds digit of w?
7
Suppose 3*t - 4*z - 97 = -23, 3*z + 18 = t. Suppose 0 = -2*y - 5*b + t, -b - 2 = -0*b. What is the tens digit of y?
2
Suppose -3*p - 24*d + 2832 = -28*d, 2*d = -3*p + 2814. What is the units digit of p?
0
Let o be -6*(-3 - (-24)/9). Let h be o/(-8) - 71/4. What is the units digit of (-4)/3*81/h?
6
Suppose 3*s - 1119 = -3*y, -4*s + 307 = 3*y - 817. What is the tens digit of y?
6
Let i be (-1)/((-5)/15 + 0). Suppose -3*j + g = -5*j + 252, i*j + g = 376. What is the units digit of j?
4
Let a(y) = -y**2 + 9*y - 5. Let i be a(8). Suppose -1 = -4*f + i. Let q(g) = 82*g - 2. What is the tens digit of q(f)?
8
Let r(h) = -6*h**3 - 26*h**2 - 14*h + 7. What is the units digit of r(-9)?
1
Let f(t) = 2*t**2. Let z be f(-1). Let c be z/((-33)/(-9) + -3). What is the units digit of 4 - (0 - c/(-3))?
3
Let o = 58 + -14. Let q = o - -2. What is the tens digit of q?
4
Suppose 10*h + 2*m = 7*h + 7363, 9818 = 4*h + 2*m. What is the thousands digit of h?
2
Let h(x) = x**2 - 7*x - 9. Let y be h(8). Let m = y - -3. Suppose -k + 2*k - 5*b - 25 = 0, m*b = 3*k - 49. What is the units digit of k?
5
Suppose 1 - 3 = -n, -5*c - 3*n - 44 = 0. What is the units digit of (1 - (4 - 0)) + c + 53?
0
Suppose 2*p - 4*k = 1406, -3*k + 2845 = 4*p - 0*k. What is the units digit of p?
9
What is the units digit of (-30)/(-2) + 77 + -87?
5
Suppose b + 6 = 11. Suppose 0 = b*s - 160. What is the units digit of s?
2
Let x(m) = 2334*m**2 + 6*m + 9. What is the hundreds digit of x(-1)?
3
Suppose -2*j - 2*j + 892 = 0. What is the tens digit of j?
2
Suppose -4*k = -3*s - 12, 0*k + 3*k - 9 = -5*s. Suppose y - 27 = -2*y - 3*z, 23 = k*y + 4*z. What is the units digit of y?
3
Suppose -3*u = -7*u + 128. Suppose 2*t - 5*t - u = 2*j, 32 = -2*t - 4*j. What is the units digit of 2/t - (-205)/4?
1
Suppose 3*r - 11*r + 32 = 0. Suppose -3*m - 74 = -v, 5*v + r*m = 8*m + 403. What is the tens digit of v?
8
Let f = 11765 - 7458. What is the tens digit of f?
0
Let g = 1567 + -1381. What is the tens digit of g?
8
Let y = -1753 - -3517. What is the units digit of y?
4
Suppose -1493 = -7*l + 1251. What is the units digit of l?
2
Suppose 3*h - 5900 = -4*u, 7*h + 2950 = 2*u + 10*h. What is the units digit of u?
5
Let p(z) = z**3 + z**2 + z + 4. Let u be p(0). Suppose -u*l - 32 = -t + 15, 0 = -4*t + 12. Let r = l - -25. What is the tens digit of r?
1
Suppose -4*a - 10 = -30. Suppose -s + 6 = a. What is the tens digit of 1/((-56)/60 + s)?
1
Let l be 2/(-7) + ((-216)/42)/(-4). What is the units digit of 70 - (0 - (-3 + l))?
8
Suppose 2*k - 36 = -0*k. What is the units digit of 37 - (-2 - k/(-3))?
3
Let t(k) = -k**2 - 33*k + 6. What is the units digit of t(-12)?
8
Let q(g) be the third derivative of 1/24*g**4 + 0 - 11*g**2 - 1/2*g**3 + 0*g + 1/60*g**5. What is the units digit of q(-5)?
7
Let n(j) = j - 1. Let s(i) = 8*i - 20. Let b(z) = -10*n(z) + s(z). Let q be b(-6). What is the tens digit of (-204)/(-18) + q/(-6)?
1
Let k = 1413 - 624. What is the tens digit of k